te the remainder when j(o) is divided by 10.
9
Let o = 4 - 0. Suppose -2*y - 5*i + 15 = -11, 4*y + o*i = 28. Suppose -2*p - y*p = -80. What is the remainder when 46 is divided by p?
14
Let p(r) = r**2 - 7*r + 63. Calculate the remainder when p(10) is divided by 19.
17
Suppose -5*w + 510 = -w - 5*d, 5*w - 5*d = 635. Suppose 0 = 7*p - 12*p + w. What is the remainder when p is divided by 7?
4
Suppose 6*m = 2*m. Suppose m = h - 7 - 3. Suppose 54 = 2*a + a. Calculate the remainder when a is divided by h.
8
Let p be (3 - -2) + -3 + 1. Suppose p*k + 2*w = 67, 4*k + 0*w = w + 71. What is the remainder when k is divided by 10?
9
Let t(g) = -g**3 + 15*g**2 + 2*g - 9. What is the remainder when t(15) is divided by 11?
10
Let m(q) = 2*q**3 + 3*q**2 + 1. Let n be m(3). Suppose -u + n = u. Calculate the remainder when u is divided by 21.
20
Let f(x) = -x + 13. What is the remainder when 42 is divided by f(-9)?
20
Suppose 5 + 11 = 4*f. Suppose -20 = -f*m + 4*q, -m - 4*q = -33 + 8. Suppose 3*o = 3*y - 75, y + o - 29 = -2. What is the remainder when y is divided by m?
8
Suppose 54 = 2*o - 4*v, 65 = -0*o + 3*o - 2*v. Calculate the remainder when 29 is divided by o.
10
Calculate the remainder when -6*((-95)/30 + 2/(-6)) is divided by 15.
6
Suppose 0 = 5*h - 5*m - 70, -4*h + 3*m + 24 = -28. Suppose -q = -n - 4*q + 18, -8 = -2*q. What is the remainder when h is divided by n?
4
Calculate the remainder when (-4)/(-14) + (-4184)/(-56) is divided by 26.
23
Let m(g) = -g**3 + 13*g**2 + 3*g - 27. What is the remainder when 44 is divided by m(13)?
8
Let c(m) = m**3 - 5*m**2 - 5*m + 7. Let z be (-7 + 5)/((-1)/4). Let p = z + -2. Calculate the remainder when 24 is divided by c(p).
11
Suppose 3*y + 3*x = 6, 3*y + 0*y - 4*x = -8. Suppose y*j = -3*j + 15. Suppose 13 = j*c - 172. Calculate the remainder when c is divided by 13.
11
Suppose -3*z + 20 = -1. Suppose z*n = 58 - 9. Suppose 0 = -3*h + 5*i + 34, -1 - 9 = -5*h - i. Calculate the remainder when n is divided by h.
1
Suppose 3*q - 158 = -5*u, 0 = -0*q + q - 5*u - 86. Let k = 16 - 0. Calculate the remainder when q is divided by k.
13
Suppose 3*o + 19 = t, -4*t = -2*o - 83 - 13. What is the remainder when 196 is divided by t?
21
Calculate the remainder when (-14)/7*(-342)/4 is divided by 29.
26
Suppose -5*v + 192 = 3*v. What is the remainder when 70 is divided by v?
22
What is the remainder when 25 is divided by (16 - 6) + (-1)/(-2 + 3)?
7
Let k = -12 + 23. What is the remainder when 29 is divided by k?
7
Suppose -4 = -0*i + i. Let w = i + 6. Calculate the remainder when w is divided by 2.
0
Suppose -3*u - j - 14 = -4*u, j = -3*u + 30. Calculate the remainder when 31 is divided by u.
9
Let a(q) = 36*q - 28. What is the remainder when a(4) is divided by 39?
38
Let j(b) = 2*b**2 - b - 6. What is the remainder when j(7) is divided by 22?
19
Let b = -9 + 19. Calculate the remainder when 37 is divided by b.
7
Let k be (-4)/(1 + (-15)/9). Suppose 4*v - 2*v = k. What is the remainder when 5/2 - v/6 is divided by 2?
0
Let s(q) = q**2 - 3*q. Let k be s(3). Calculate the remainder when 43 is divided by 16 + 3 + k - -3.
21
Suppose -7 = -5*t + 13. Let o = t - 7. What is the remainder when 2 is divided by o/(-3*1) + 0?
0
Let p(t) = -4*t - 5. Let b(o) be the first derivative of -o**4/4 + 5*o**3/3 + o**2 - 5*o + 6. Calculate the remainder when p(-6) is divided by b(5).
4
Let p(f) = -f**2 + 2*f + 93. Calculate the remainder when p(0) is divided by 16.
13
Suppose b - 27 = -4*w, 4 = 5*w - w. What is the remainder when 87 is divided by b?
18
Let c = 14 - 2. Suppose -c + 4 = -u. Calculate the remainder when u is divided by (-1)/(-2)*3*2.
2
Let t(v) = -v**3 + 8*v**2 + v - 9. Let m be t(8). What is the remainder when 14/6 + 15/(-45) is divided by m*5/((-5)/2)?
0
Suppose -d - 2 = -4. Let g be (-33)/d - (-3)/6. Let t = g - -27. What is the remainder when 32 is divided by t?
10
Suppose 12*j + 10704 = 15*j. Suppose -5*q + 102 = -4*g, -4*q + 2*g + 66 + 18 = 0. Calculate the remainder when j/56 - (-4)/14 is divided by q.
20
Suppose 12 = 19*u - 16*u. Suppose -4*n - u = -56. Calculate the remainder when 22 is divided by n.
9
Suppose 6 + 24 = -2*k. Let c be (-15)/2*(-12)/k. What is the remainder when 10 is divided by (-2)/(-6) - 22/c?
2
Suppose 3*a - a - 180 = -4*s, 5*s + 5 = 0. What is the remainder when a is divided by 19?
16
Suppose -r + 3*r = 0. Let q = 7 + r. Suppose 3*h - 48 = -12. Calculate the remainder when h is divided by q.
5
Let j = -108 + 120. What is the remainder when 21 is divided by j?
9
Suppose 18 + 2 = 4*p. Suppose -p*d + 58 = -g, 2*d - 29 + 1 = 2*g. Calculate the remainder when -2 + ((-1)/(-1) - -21) is divided by d.
9
Suppose -4*s + 38 + 42 = 5*l, -4*l - 5*s + 73 = 0. What is the remainder when l is divided by 7?
5
Calculate the remainder when (-83)/(-2) + (-21)/14 is divided by 14.
12
Let y(w) = 3*w - 8. Calculate the remainder when -42*(-7)/((-63)/(-6)) is divided by y(6).
8
Suppose 2*o + 256 = 5*q, -4*o - 203 = -4*q - 3*o. Calculate the remainder when q is divided by 13.
11
Suppose 3*a - 22 = -g, 0 = 2*g - 0*g - 2*a - 12. What is the remainder when 5/10*(-1 + 59) is divided by g?
9
Let z = -61 - -64. What is the remainder when z is divided by 3?
0
Let j = -12 - -40. Let q be (12/(-8))/((-9)/78). Suppose -m + 2 = -q. Calculate the remainder when j is divided by m.
13
Suppose -4*q + 44 = 3*k - 193, -3*q + 406 = 5*k. Calculate the remainder when k is divided by 14.
13
Let l(v) = v**2 - v - 2. Let i = -21 - -23. Suppose 2*g - 38 = -0*g + 4*n, -2*g + 30 = -i*n. What is the remainder when g is divided by l(-2)?
3
Calculate the remainder when (-1292)/(-10) - (16/20)/4 is divided by 26.
25
Suppose -3*b + 3 = -2*b. Suppose 18*t + 30 = 21*t. What is the remainder when t is divided by b?
1
Suppose 4*t + t - 2*u - 441 = 0, -78 = -t - 3*u. What is the remainder when t is divided by 22?
21
Let h(t) = 6*t**2 - 2*t + 1. Let u be h(-4). What is the remainder when 61 is divided by (u/(-12))/(-5)*12?
19
Let r(w) = 7*w - 3. Let u(c) = c**2 - c - 4. Let s be u(-3). Calculate the remainder when r(s) is divided by 14.
11
Suppose -3*a + 37 - 4 = 0. Calculate the remainder when 30 is divided by a.
8
What is the remainder when 43 is divided by (11/(-4))/((-4)/16)?
10
Suppose f - 7 - 14 = 0. What is the remainder when 83 is divided by f?
20
Let o(z) = z**3 - 10*z**2 + 4*z - 21. Calculate the remainder when 34 is divided by o(10).
15
Suppose -11 - 8 = v + 5*q, -14 = -4*v - 2*q. Calculate the remainder when 16 is divided by v.
4
Let y = -4 + 10. Suppose -4*h = -i - 41, -i + y*i = 3*h - 35. Calculate the remainder when h is divided by 6.
4
Suppose -3*v - t + 33 = 0, 3*v + 45 = 8*v + 5*t. Calculate the remainder when 29 is divided by v.
5
Suppose 13 - 49 = -3*v. What is the remainder when 47 is divided by v?
11
Suppose 5*c + 4 = 7*c. What is the remainder when 2 is divided by c?
0
Let h(u) = 4*u + 2. Let f be (-17)/3 - (-3)/(-9). Let n = f - -16. What is the remainder when h(4) is divided by n?
8
What is the remainder when 2*74/(-2)*(-4)/8 is divided by 8?
5
Suppose f + 31 = 2*f. Let z = 48 - -75. What is the remainder when z is divided by f?
30
Suppose -6*r = 3*q - 5*r - 51, q - 28 = -4*r. Suppose 5*j - q = 69. Calculate the remainder when j is divided by 9.
8
Suppose -318 = -5*x - 93. Calculate the remainder when x is divided by 23.
22
Let d(w) = -w**2 + 16*w - 14. Let z = 20 + -6. Calculate the remainder when 54 is divided by d(z).
12
Suppose 210 + 25 = 5*d. What is the remainder when d is divided by 16?
15
Let s = 43 + -21. Let d(v) be the third derivative of v**4/24 + v**3/3 - 2*v**2. Calculate the remainder when s is divided by d(6).
6
Let m(r) = 3*r. Let s be m(1). Let o = 1 + 1. Suppose -n - o*x = 1 - 0, 15 = -s*x. What is the remainder when 26 is divided by n?
8
Let j(h) = -h**3 - 5*h**2 - 3*h + 2. Let s be j(-3). Let d = 12 + -1. Let k = d + s. What is the remainder when 5 is divided by k?
1
Suppose 0*f = -5*f + 60. What is the remainder when (-2)/(-1) - 62/(-2) is divided by f?
9
Let j = 5 + -5. Suppose j*x + 4*x = -4*l + 20, -4*x = 20. What is the remainder when 28 is divided by l?
8
Let c(g) = g**2 - 4*g + 6. Let d(s) be the first derivative of s**2/2 - s + 1. Let v be d(6). What is the remainder when 31 is divided by c(v)?
9
Let h = -99 - -56